{"id":352,"date":"2013-05-15T13:55:34","date_gmt":"2013-05-15T13:55:34","guid":{"rendered":"http:\/\/localhost\/whb\/?page_id=352"},"modified":"2017-05-17T16:16:01","modified_gmt":"2017-05-17T14:16:01","slug":"location","status":"publish","type":"page","link":"https:\/\/www.royalqualitycars.es\/?page_id=352","title":{"rendered":"D\u00f3nde Estamos"},"content":{"rendered":"<div class=\"wp-caption alignright\"><img loading=\"lazy\" class=\"alignright wp-image-1672\" src=\"https:\/\/www.royalqualitycars.es\/wp-content\/uploads\/2017\/04\/concesionario.jpg\" alt=\"Royal Quality Cars\" width=\"300\" height=\"225\" \/><\/div>\n<div class=\"left_side\">\n<div class=\"address\"><strong><br \/>\nRoyal Quality Cars<br \/>\n<\/strong><br \/>\nCalle Antoni\u00f3 Gaud\u00ed, 42<br \/>\n28946 Fuenlabrada (Madrid)<br \/>\nEspa\u00f1a<\/div>\n<div class=\"row phone\">Tel\u00e9fonos:<\/p>\n<p style=\"padding-left: 30px;\">91-648-1260<\/p>\n<p style=\"padding-left: 30px;\">Andr\u00e9s 615-204-487 <img loading=\"lazy\" class=\"wp-image-1770 alignnone\" src=\"https:\/\/www.royalqualitycars.es\/wp-content\/uploads\/2013\/05\/WhatsApp-150.png\" alt=\"\" width=\"20\" height=\"20\" \/><\/p>\n<p style=\"padding-left: 30px;\">Jes\u00fas 672-878-162 <img loading=\"lazy\" class=\"wp-image-1770 alignnone\" src=\"https:\/\/www.royalqualitycars.es\/wp-content\/uploads\/2013\/05\/WhatsApp-150.png\" alt=\"\" width=\"20\" height=\"20\" \/><\/p>\n<p style=\"padding-left: 30px;\">Josep 626-214-095 <img loading=\"lazy\" class=\"wp-image-1770 alignnone\" src=\"https:\/\/www.royalqualitycars.es\/wp-content\/uploads\/2013\/05\/WhatsApp-150.png\" alt=\"\" width=\"20\" height=\"20\" \/><\/p>\n<\/div>\n<div class=\"row phone\"><\/div>\n<div class=\"row mail\"><em>Email:<\/em><a style=\"outline: none;\" href=\"mailto:info@rqc.cc\">info@rqc.cc<\/a><\/div>\n<\/div>\n","protected":false},"excerpt":{"rendered":"<p>Royal Quality Cars Calle Antoni\u00f3 Gaud\u00ed, 42 28946 Fuenlabrada (Madrid) Espa\u00f1a Tel\u00e9fonos: 91-648-1260 Andr\u00e9s 615-204-487 Jes\u00fas 672-878-162 Josep 626-214-095 Email:info@rqc.cc<\/p>\n","protected":false},"author":1,"featured_media":0,"parent":0,"menu_order":0,"comment_status":"open","ping_status":"closed","template":"template-box.php","meta":[],"_links":{"self":[{"href":"https:\/\/www.royalqualitycars.es\/index.php?rest_route=\/wp\/v2\/pages\/352"}],"collection":[{"href":"https:\/\/www.royalqualitycars.es\/index.php?rest_route=\/wp\/v2\/pages"}],"about":[{"href":"https:\/\/www.royalqualitycars.es\/index.php?rest_route=\/wp\/v2\/types\/page"}],"author":[{"embeddable":true,"href":"https:\/\/www.royalqualitycars.es\/index.php?rest_route=\/wp\/v2\/users\/1"}],"replies":[{"embeddable":true,"href":"https:\/\/www.royalqualitycars.es\/index.php?rest_route=%2Fwp%2Fv2%2Fcomments&post=352"}],"version-history":[{"count":36,"href":"https:\/\/www.royalqualitycars.es\/index.php?rest_route=\/wp\/v2\/pages\/352\/revisions"}],"predecessor-version":[{"id":1776,"href":"https:\/\/www.royalqualitycars.es\/index.php?rest_route=\/wp\/v2\/pages\/352\/revisions\/1776"}],"wp:attachment":[{"href":"https:\/\/www.royalqualitycars.es\/index.php?rest_route=%2Fwp%2Fv2%2Fmedia&parent=352"}],"curies":[{"name":"wp","href":"https:\/\/api.w.org\/{rel}","templated":true}]}}